g - 2. Calculate y(3).
16
Suppose h + 3*h + 5*j = 1, -2*j - 6 = 0. Suppose -5*i + 5*u - 4*u - 17 = 0, -h*u = -i + 8. Let c(o) = 2 + 0*o - 7 - o. Give c(i).
-1
Let c(u) be the third derivative of 3*u**4/4 + 55*u**3/3 + 7*u**2 - 72*u - 1. Determine c(-6).
2
Suppose -4*s - i = -49 + 21, 32 = 2*s + 5*i. Let x(z) = 9*z**3 - z**2 - 7*z - 11. Let o(q) = -2*q**3 - q**2 + q + 1. Let w(k) = -4*o(k) - x(k). Calculate w(s).
-11
Suppose 5*i = 10, -4*i - 637 = -n - 617. Let g(c) be the third derivative of 0*c + 0 - 1/60*c**5 - 1/6*c**4 + n*c**2 - 7/6*c**3. Determine g(-5).
-12
Suppose -55*j + 1435 = -50*j - 5*f, 4*j - 5*f - 1146 = 0. Let t = -286 + j. Let m(z) be the first derivative of z**3/3 - 3*z**2/2 - 4*z + 2. Give m(t).
-4
Suppose 48 = -12*m + 4*m. Suppose 0 = -2*t - 3*t. Let g be (-4)/(-6)*(m + t) - -2. Let p(f) = 3*f. What is p(g)?
-6
Suppose 0*d - 5*d - 2*k = 43, 0 = -3*d - 3*k - 33. Let g(m) be the third derivative of m**6/120 + m**5/15 - 5*m**4/6 + m**3 + 4*m**2 + 23. Determine g(d).
-1
Let s(u) be the third derivative of 0*u - 8*u**2 + 0 - 1/120*u**6 - 1/3*u**3 + 0*u**4 + 1/5*u**5. What is s(12)?
-2
Let o(w) = w - 4. Let u = -237 + 39. Let t = u + 203. Calculate o(t).
1
Let m(g) be the second derivative of -g**4/4 - g**3/6 + 61*g**2/2 + 30*g. Let r(p) be the first derivative of m(p). Give r(-1).
5
Let b(h) = 11*h - 2*h**2 - 13*h + 27 + 9*h - 12*h. What is b(-8)?
-61
Let p(i) = 2*i**2 - 6*i - 7. Let s be 3*2/2*31/((-1116)/(-60)). Give p(s).
13
Let r(z) = -70 - 74 + 195 - 55 + z - 2*z. What is r(-3)?
-1
Let n be (0/(4 + -7))/(-1). Let a be -2 - -5 - (n - 1). Let i(r) = -4*r - 2*r + a + 5 + 7*r. Calculate i(-11).
-2
Let o be ((-5)/10)/((-35)/210). Let l(y) be the second derivative of y**o + 0 - 13*y + 1/12*y**4 - 1/2*y**2. Calculate l(-5).
-6
Let r(t) = -t**2 - 17*t - 78. Let b be r(-9). Let k = -2 - b. Let q(p) = p + 3*p - 5*p**2 + 3*p**2 - 5. Calculate q(k).
-21
Let i(g) = -g**3 + 60*g**2 - 242*g + 4050. Let s be i(57). Let q(n) = -6*n**2 + 1 + 3*n**2 + 6*n + 2*n**2. Determine q(s).
10
Let l(j) be the second derivative of -5*j**3/2 - 211*j**2/2 - 1697*j. Calculate l(-14).
-1
Let c(r) be the first derivative of -r**2 + 20*r + 1203. Determine c(17).
-14
Let s(u) = -u. Let g(w) = -w**2 - 11*w - 10. Let a(q) = g(q) - 3*s(q). Let y be a(-4). Let h(d) = 0*d - 2*d + 0*d**3 + d**3 - y*d - 6 - 6*d**2. Calculate h(7).
-13
Let t(i) = -1. Let d(v) = 4*v. Let u(h) = -d(h) - 3*t(h). Suppose -2*j - 61 = -5*l, 0*l - 5*l - 2*j = -49. Suppose -l*s + 4*s = -21. Determine u(s).
-9
Let b(m) = 6052 - 217*m - 6008 + 229*m. Determine b(-11).
-88
Let l(z) = 27*z**2 - 158*z + 14. Let r(u) = 30*u**2 - 163*u + 14. Let h(y) = -3*l(y) + 2*r(y). Calculate h(7).
-7
Let q(s) = -17*s**3 + 19*s - 17. Let u(i) = -23*i**3 + 4*i**2 + 21*i - 16. Let k(l) = 4*q(l) - 3*u(l). What is k(10)?
-90
Suppose 3*a - 61 = 5*q, 6*q + 55 = 3*a + 4*q. Suppose -t + 16 = -2*l - 5*t, 4*l + 3*t + a = 0. Let v(b) = b**3 + 4*b**2 - 5. Calculate v(l).
3
Let n(h) = h**3 - h**2 - 2*h**3 - 3 + 2. Let z(s) = 30*s - 3274*s**2 - 3282*s**2 + 6557*s**2 - 218. Let u be z(6). Determine n(u).
3
Let n(i) be the third derivative of -i**4/24 + 4*i**3/3 - 72367*i**2. Let k = 1 + 3. Give n(k).
4
Let g(n) = 0*n**3 - 4*n**2 + 9*n**2 - n**3 - 5. Let v be -1*(3 + 7/((-28)/(-8))). Let r be (5/v)/((-3)/6)*2. Calculate g(r).
11
Let d(g) be the first derivative of g**4 + 2*g**3/3 + g**2/2 + g + 199. Let h be d(-1). Let n(u) = -2*u**2 - u + 4. Determine n(h).
-2
Let q be (0 - -1)*70/35. Let g be 0/q - -6 - 8. Let h(z) be the third derivative of -z**6/120 - z**5/30 - z**4/12 - z**3/2 - 2*z**2. Calculate h(g).
1
Suppose -16 - 8 = -3*y + 3*t, -2*t = -3*y + 17. Let v(i) = 8*i**3 + 2*i**2 - 3*i + 2. Determine v(y).
9
Let y(g) = 4*g**2 + 40*g + 26. Let s be y(-9). Let v(k) = -2*k - 25. What is v(s)?
-5
Suppose 3*m = a - 16, 3*m + 184 - 182 = -a. Let s(j) be the second derivative of -j**3/3 + 15*j**2/2 - 8*j. Give s(a).
1
Let s be (-12)/15 + (-78)/(-10). Let w(d) be the third derivative of d**6/120 - d**5/10 - 5*d**4/12 + d**3 + 734*d**2. Give w(s).
-15
Let q(o) = -o**2 - 9*o - 14. Let p(w) = -71*w**3 + 2*w**2 - 10*w + 23. Let j be p(2). Let g = j - -549. Give q(g).
-6
Let z(a) = 7*a - 18. Let c(f) = 30 - 19*f + 4*f - 5*f + 23. Let l(y) = 4*c(y) + 11*z(y). Give l(7).
-7
Let c be 4*(-6 + 4)/(-2). Suppose 13 = c*v - 15. Let t(z) = 5*z - 5. Let s(l) = -2*l + 2. Let m(h) = -7*s(h) - 3*t(h). Give m(v).
-6
Suppose 5*a + 0*a + 26 = -p, 4*p + 2*a = -14. Let r(h) = -3*h + 395. Let m(g) = 2*g - 428. Let v(d) = 12*m(d) + 13*r(d). Give v(p).
14
Let h(v) = 483 - 234 + v**2 - 32*v - 143. What is h(29)?
19
Let j(z) = 11 + z**2 + 6*z + 0 + 2 - 2 + 0. What is j(-4)?
3
Let v(u) be the second derivative of u**4/12 - 5*u**3/6 - 6*u**2 - 60*u - 5. Calculate v(-2).
2
Let i = -312 + 310. Let t(j) be the second derivative of -j**5/20 - j**4/4 - j**3/3 - 3*j**2/2 - 7*j. Determine t(i).
-3
Let g(f) = 8 - 8*f + 175*f**2 - 173*f**2 + 19*f. Let y be g(-4). Let a be (y - 2*-4) + -3. Let b(s) = -7*s**3 + s**2 - 2*s + 1. Determine b(a).
-7
Let y(x) = -131*x**3 - 13*x**2 + 11*x - 26. Let q(c) = -157*c**3 - 13*c**2 + 12*c - 26. Let d(m) = 5*q(m) - 6*y(m). What is d(-13)?
104
Let a = -446 + 445. Let g be 686/49*1*a. Let c(q) = -q**2 - 12*q + 13. Determine c(g).
-15
Suppose -w - 10 = 2*l, -8*l = -4*l + 5*w + 14. Let i(x) = 7*x + 3. Let f(s) = 20*s + 9. Let y(g) = l*f(g) + 17*i(g). What is y(0)?
-3
Let i(o) = -248*o - 5. Let h(l) = -150*l - 2. Let m(d) = -5*h(d) + 3*i(d). Let s = -8 + 10. What is m(s)?
7
Let h(n) be the first derivative of n**7/840 + n**6/36 + n**5/12 - n**4/12 - 53*n**3/3 + 223. Let k(l) be the third derivative of h(l). Calculate k(-9).
-11
Let w = 2711 + -2726. Let v(u) = u - 2. Calculate v(w).
-17
Let o(x) = x**3 + 6*x**2 + 6*x - 3. Let f = -5822 - -5818. Determine o(f).
5
Let o(x) = x**2 + 46*x - 906. Let m be o(15). Let c(r) = -3*r**2 + 23*r + 40. Determine c(m).
4
Let v(k) = -2*k**3 - 12 + 6*k**2 + k**3 + 2*k**2 - 7*k - 47 + 58. Determine v(3).
23
Let z(j) = -j**2 + 7*j + 8. Suppose 2*y - y - 1 = -u, 3*y = 3*u + 21. Suppose 0 = y*v - 126 + 102. What is z(v)?
14
Let f(w) = w + 11. Let l = 186 + -183. Suppose -l*d = -2*t - 15, -19*d - 10 = -21*d. Determine f(t).
11
Let s = 57 + -52. Let d(n) = 5*n**3 - 8*n**2 - 19*n + 7. Let m(r) = r**3 - r**2 - 3*r + 1. Let v(u) = d(u) - 4*m(u). Calculate v(s).
-7
Let z(y) = -y - 4. Let c(f) = -f**2 - 20*f - 13. Let h be c(-20). Let d(j) = j**3 + 15*j**2 + 23*j - 5. Let r be d(h). Let x = r + -38. Calculate z(x).
0
Suppose -1199 + 281 = -54*l. Let s(j) = 5*j - 7*j + j + l. Give s(0).
17
Let l(p) = 25*p**2 + 80*p + 8. Let a be l(-3). Let j(g) = g**3 + 7*g**2 - 2*g - 3. Calculate j(a).
11
Let s(f) = 7*f + 22. Let b be s(-2). Suppose 0 = -7*v + 6 + b. Let w(u) = 5*u**2 - u - 1. What is w(v)?
17
Let w be ((-260)/30 + 8)/(-2 - 200/(-102)). Let s(m) = -2*m**3 + 33*m**2 + 16*m + 22. Give s(w).
5
Suppose -5*l = a - 46, 4*l + 2*a - 2 = 36. Let g(n) = 6*n**3 - 9*n**2 - n + 17. Let y(i) = 5*i**3 - 9*i**2 - i + 16. Let p(v) = -4*g(v) + 5*y(v). What is p(l)?
3
Let k(o) be the third derivative of o**5/60 + o**4/4 - 11*o**3/2 + 921*o**2 + 2*o. Calculate k(-6).
-33
Let j(i) = -i - 21. Let g(o) = 201*o - 605. Let a be g(3). What is j(a)?
-19
Let n(a) = a + 1. Let g(d) = d - 13. Let y = 348 + -347. Let c(h) = y*g(h) - 2*n(h). Give c(-14).
-1
Let f(l) = 2*l**2 + 12*l - 35*l - 19*l**3 + 0*l**2 + 8*l + 13*l. What is f(1)?
-19
Let l(t) be the second derivative of -t**5/20 + t**4/12 - 7*t**3/6 - 23*t**2/2 + 15*t - 12. Calculate l(-2).
3
Suppose -20 = 2*y + 2*l - 0*l, -2*y - l - 19 = 0. Let d be 27/3*(-3)/y. Suppose -d*k - 3*k = -12. Let s(t) = -t**3 + 3*t**2 + 3*t - 1. Calculate s(k).
9
Let t(c) be the second derivative of 1/2*c**2 + 7*c + 1/12*c**4 - 1/3*c**3 + 0. What is t(-4)?
25
Let s = -6292 + 6292. Let n(g) = 2*g**2 + 30. Calculate n(s).
30
Let q(h) = -5*h**2. Let n(a) = 12*a**2 + 4*a + 5. Let c(d) = 2*n(d) + 6*q(d). Give c(-2).
-30
Let f(y) = 8*y**3 + 3*y**2 + y - 14. Let d be f(-4). Let k = 481 + d. Let b(v) = 4*v**2 - 1. Give b(k).
3
Let c(y) = 3*y - 4. Let r = 6567 - 6560. What is c(r)?
17
Let x(y) = -35*y**2 - 22*y**2 - 3 - 10*y + y**3 + 3 + 62*y**2. Give x(-6).
24
Suppose -13 = 2*o - 3. Let c be (3 - (-6 + 3 - o))*-7. Let z(